6*n + 893. Let a = x - n. What are the prime factors of a?
2, 31
Let q(z) = 14*z - 9*z + 15 - 12*z - 2*z. What are the prime factors of q(-24)?
3, 7, 11
Let x = 21937 - 6159. List the prime factors of x.
2, 7, 23
Suppose 6*h + 11 = 41. Suppose 41 + 279 = h*j. Let c = j + -40. List the prime factors of c.
2, 3
Let p be (70/385)/((-1)/(-11)). Suppose -p*j = 2*i + j - 423, -4*i + 4*j + 816 = 0. What are the prime factors of i?
3, 23
Let x be 148/37 + -1*(-3 + 1). Suppose x*h = 15*h - 2421. What are the prime factors of h?
269
Let o = -129 - -4561. List the prime factors of o.
2, 277
Let i(d) = -2*d - 2644*d**2 + 3*d + 4 + 2645*d**2. Suppose m + 94 = -5*z + 38, 50 = -5*z + 5*m. List the prime factors of i(z).
2, 3, 19
Let f(o) = -o**3 - 11*o**2 + 108*o + 31. What are the prime factors of f(-20)?
1471
Let q be (-24 - -23)/(1/(-4)) + 6893. Suppose -2750 = -11*j + q. List the prime factors of j.
877
Let f = 3882 - 246. What are the prime factors of f?
2, 3, 101
Let i be 803 - (-15)/(12/(-4)). Let y be i/(-2)*3*5/(-45). Suppose y = -16*k + 3301. What are the prime factors of k?
2, 3, 11
Let g(i) = -9*i**2 + 8*i + 23. Let r(b) = -67 + 107 - 9*b - 63 + 8*b**2 + b. Let m(s) = 4*g(s) + 5*r(s). What are the prime factors of m(-5)?
3, 13
Let g(t) = -18*t**3 - t**2 + 50*t + 24. List the prime factors of g(-14).
2, 5, 1213
Suppose 0 = 4*x + a - 40, -5*x - 10*a = -5*a - 65. Suppose h = -z + 198, 3*z - 3 = -x. What are the prime factors of h?
2, 5
Let p be 4/12 + (-80)/6 + 0. Let k(f) = -2*f - 21. Let m be k(p). Suppose 5*r + 0*r - 216 = -2*a, m*a - 4*r = 474. What are the prime factors of a?
2, 7
Suppose 55*v = 58*v - 513. Suppose -511 = -2*w + v. What are the prime factors of w?
11, 31
List the prime factors of (4*3/(-10))/(16*55/(-38062200)).
3, 73, 79
Suppose 3*f - 3*s = 15, -2*f = -f + s - 3. Suppose f*y - 2546 = t, -5*y - 2*t + 3174 = t. What are the prime factors of y?
2, 3, 53
Let j(k) = 68*k**3 + 18*k**2 - 31*k - 3. List the prime factors of j(4).
4513
Suppose -45935 = -3*d + 14775 + 5776. List the prime factors of d.
2, 7, 1583
Let f(b) = b**3 - 7*b**2 + 6*b + 2. Let a be f(6). Let u(v) = 8*v + 112. Let z be u(-14). Suppose -a*p + 4*p - 28 = z. What are the prime factors of p?
2, 7
Suppose -4*v = -4*p + 32, 4*p - 2*p = -5*v - 12. Suppose -p*k = -3*h + k + 357, 4*k = 3*h - 360. What are the prime factors of h?
2, 31
Let h(a) = 229*a**2 + 458*a - 6114. What are the prime factors of h(13)?
3, 29, 443
List the prime factors of 50722/35 + 32/40.
2, 5, 29
Suppose 4*o - 32 = 300. Suppose r + o = -u - 2*u, 3*u - 5*r + 107 = 0. Let a = 92 - u. List the prime factors of a.
11
Let i(o) = 1769*o + 2654. List the prime factors of i(8).
2, 3, 2801
Let f(l) = 4*l - 53. Let z be f(15). Let i = 145 - z. What are the prime factors of i?
2, 3, 23
Let q = 4248 + -2375. List the prime factors of q.
1873
Let i = -1342 + 1341. Let z = 8 + -2. What are the prime factors of (i/(1/z))/((-8)/92)?
3, 23
Let w(x) = -x**2 + 15*x + 36. Let m be w(18). List the prime factors of m/(-33) + (-155420)/(-220).
7, 101
Let q(k) = -17*k + 14. Suppose -77 = -6*c - 23. Let a(u) = -69*u + 57. Let b(o) = c*q(o) - 2*a(o). List the prime factors of b(-3).
3, 19
Let r(a) = -3*a**2 + 17*a + 4. Let h be r(7). Let t = -21 - h. Suppose -10 = -t*b + 74. What are the prime factors of b?
2, 7
Let f(s) = 8*s + 124. Let w be f(-16). List the prime factors of (w + (-4)/40*-44)*685.
2, 137
What are the prime factors of -1*4 - (16/(-1) + -4315)?
4327
Let x = 95 + -86. Let d(k) = 13*k - 4*k - x*k + 11 + k**2. List the prime factors of d(8).
3, 5
Suppose 46515 = -4*c + 4*i + 224755, 5*i + 178242 = 4*c. List the prime factors of c.
2, 22279
Let t(k) = -2*k - 37. Let d be t(6). List the prime factors of (42/d)/((-6)/7112).
2, 127
Suppose 1002*p + 3*s - 1611 = 999*p, -2*p + 1074 = s. What are the prime factors of p?
3, 179
Suppose 1091610 = -20*d + 84*d + 394778. List the prime factors of d.
2, 1361
Suppose 2036450 + 3326650 = 101*u. What are the prime factors of u?
2, 3, 5, 59
Let d(r) = -r**2 + 4*r + 8. Let g be d(-6). Let c(a) = -a + 96. Let v be c(-9). Let o = v + g. List the prime factors of o.
53
Let n = 4713 - -5821. What are the prime factors of n?
2, 23, 229
Let c be 128/6*99/(-66). Let u = c + 251. What are the prime factors of u?
3, 73
Let c(b) = -143*b - 40. Let w be c(12). Let o = -1138 - w. List the prime factors of o.
2, 3, 103
Suppose 9*v = -28*v + 450512. What are the prime factors of v?
2, 761
Suppose 5*j + 1735 = 2*b + 633, 4*b - 4 = 0. Let z = 617 + j. What are the prime factors of z?
397
Suppose 420918 = 133*z - 36*z - 386219. What are the prime factors of z?
53, 157
Suppose -56*i + 271071 + 590156 = -4059493. What are the prime factors of i?
2, 3, 5, 29, 101
Let w = 160 + -227. Let f = -77 - w. Let o = -5 - f. List the prime factors of o.
5
Let j(s) be the third derivative of s**6/120 - 3*s**5/20 - 2*s**4/3 - s**3/2 + 19*s**2. Let o be j(11). Let k = -15 + o. What are the prime factors of k?
2, 3
Let g = -6627 - -10066. List the prime factors of g.
19, 181
Let f = 4026 + 1649. List the prime factors of f.
5, 227
Let h(c) = 41*c - 32. Let v(k) = -61*k + 48. Let a(u) = 8*h(u) + 5*v(u). Let t be a(6). Suppose 0 = 3*b - 2*b - t. What are the prime factors of b?
2, 61
Suppose 0 = -2*a - a - 1825 + 15391. List the prime factors of a.
2, 7, 17, 19
Let z(s) = 1. Let u(c) = -4*c + 4. Let r(d) = -u(d) + 10*z(d). Let f be r(0). Let j = f - -31. List the prime factors of j.
37
Suppose 15*s = 6*s - 198. Let v = s - -35. Suppose 13*h - 52 = -v. List the prime factors of h.
3
Let t = -1516 - -1519. Suppose v - 28 - 14 = 0. Suppose -2*w - v = -g, -3*g + 130 = -t*w - w. List the prime factors of g.
2, 23
Let z = 711 + -495. Suppose -5*u + 262 = 5*a - 2*u, -4*a = 4*u - z. List the prime factors of a + -14 - (-1)/1.
37
Suppose -25*u - 255 = -30*u. Let c = u + 143. Suppose c = i + 97. List the prime factors of i.
97
Let j = -6759 - -12432. Let o be j/(-2) + 9/(-6). What are the prime factors of o/(-12) + (1 - -2)/(-6)?
2, 59
Suppose 3*u - 82284 = 48*x - 53*x, -3*x = 4*u - 49366. What are the prime factors of x?
2, 3, 13, 211
Suppose 4*l - n - 184 = 0, 4*l + 4*n = 6*l - 92. Suppose 41*r = l*r - 5000. What are the prime factors of r?
2, 5
Let k = -1896 + 3807. List the prime factors of k.
3, 7, 13
Suppose 0 = -7*n + 6*n + 3*y + 53, -2*y = 5*n - 214. Suppose n*q - 19360 = 34*q. List the prime factors of q.
2, 11
Let o = 51648 - 22954. List the prime factors of o.
2, 14347
Suppose 924806 = 28*s - 2199598 + 751740. What are the prime factors of s?
2, 3, 29, 487
Suppose 9*c - 8 = 10. Suppose 5*q - 5*t - c - 8 = 0, 2*q = -3*t + 14. What are the prime factors of q/(48/(-27))*(1 + -41)?
2, 3, 5
Let k(s) = -1559*s**3 - 2*s**2 + 23*s + 57. List the prime factors of k(-3).
3, 7, 2003
Let q(l) = l**2 + 4*l - 14. Let x be q(-10). Let y = 47 - x. List the prime factors of 5 + (y - -1 - -198).
5, 41
Let s(c) = c**3 + 18*c**2 + 56*c - 7. Let y be s(-14). What are the prime factors of -1*(-530 - (y - -6))?
23
Let w(q) = -q**3 + 1. Let v(f) = -2*f**3 + f**2 + 20*f + 53. Let c(z) = v(z) - 3*w(z). What are the prime factors of c(0)?
2, 5
Let b(u) be the first derivative of 28*u**2 - 117*u - 93. What are the prime factors of b(10)?
443
Suppose -34*q + 13955 = w - 30*q, -q = -3*w + 41904. List the prime factors of w.
13967
Suppose 4*v - 1728 = -4*w, 1975 = 4*w + v + 232. Suppose -w + 62 = -5*k. Suppose 4*m - k = 3*f, -5*f + 121 = 5*m + 36. What are the prime factors of m?
2, 3
Suppose -5*q - 3*h = -75908, 14*q - 8*q + 4*h - 91092 = 0. List the prime factors of q.
2, 7589
Let f(v) be the second derivative of -v**5/10 + 7*v**4/4 - v**3/3 + 19*v**2/2 - 21*v - 5. List the prime factors of f(10).
3, 11
Let o(j) = 15*j**2 + 174*j - 564. List the prime factors of o(58).
2, 3, 4999
Let r be (1*34/3)/((-26)/(-117)). Suppose 6 = -9*x + r. Suppose -5*j + 301 = 2*a, 0*a = -x*a - 4*j + 744. What are the prime factors of a?
2, 37
Let h(m) = 28*m**2 - 112*m - 286. List the prime factors of h(-26).
2, 13, 829
Let k(p) be the first derivative of -29*p**4/4 + p**3 - 6*p + 68. List the prime factors of k(-2).
2, 7, 17
Let v(m) = 25*m**2 + 38*m - 370. List the prime factors of v(17).
13, 577
Let l(r) = -25*r - 21. Let z(d) = 12*d + 11. Let n be ((-2